e
Does 20 divide 527180?
True
Is 191646 a multiple of 27?
True
Is 1263 a factor of 1176653?
False
Is 82 a factor of 1397198?
True
Is 206430 a multiple of 16?
False
Is 39 a factor of 217074?
True
Does 20 divide 549440?
True
Does 259 divide 975394?
True
Is 52 a factor of 703297?
False
Does 8 divide 70408?
True
Does 993 divide 180726?
True
Is 7798632 a multiple of 636?
True
Does 230 divide 50370?
True
Does 181 divide 1583931?
True
Does 2 divide 48411?
False
Does 108 divide 207569?
False
Is 482625 a multiple of 13?
True
Is 16614 a multiple of 213?
True
Is 4591802 a multiple of 34?
True
Is 29 a factor of 1776886?
False
Is 60 a factor of 586094?
False
Does 200 divide 443200?
True
Does 36 divide 6168852?
True
Does 38 divide 3013742?
True
Does 12 divide 11902896?
True
Is 66 a factor of 40577?
False
Does 63 divide 281024?
False
Is 43 a factor of 1166292?
False
Is 36 a factor of 1288970?
False
Does 10 divide 2918310?
True
Does 14 divide 6111?
False
Is 118 a factor of 190924?
True
Is 453500 a multiple of 907?
True
Does 287 divide 216111?
True
Is 7 a factor of 1859380?
False
Is 13 a factor of 189943?
True
Does 101 divide 360368?
True
Does 19 divide 144439?
False
Is 3184772 a multiple of 506?
False
Does 227 divide 246068?
True
Does 11 divide 223509?
True
Is 566350 a multiple of 482?
True
Is 788576 a multiple of 29?
False
Does 67 divide 797836?
True
Is 1512622 a multiple of 974?
True
Is 310326 a multiple of 71?
False
Does 39 divide 5545449?
True
Is 102 a factor of 15640880?
False
Is 747678 a multiple of 391?
False
Is 287 a factor of 2805138?
True
Is 69 a factor of 611064?
True
Does 31 divide 4472410?
False
Is 80 a factor of 334105?
False
Does 80 divide 35360?
True
Is 1033 a factor of 5298034?
False
Is 1982409 a multiple of 12?
False
Does 54 divide 7099111?
False
Does 58 divide 3628132?
True
Is 275670 a multiple of 270?
True
Is 670 a factor of 4373760?
True
Is 1203 even?
False
Is 658851 a multiple of 244?
False
Does 2 divide 87101?
False
Does 59 divide 285395?
False
Is 86224 a multiple of 8?
True
Is 476692 a multiple of 12?
False
Is 2 a factor of 42707?
False
Is 344 a factor of 7528841?
False
Is 92 a factor of 408940?
True
Does 10 divide 153060?
True
Is 464 a factor of 1008730?
False
Does 4 divide 130418?
False
Is 346 a factor of 13172912?
True
Is 128 a factor of 837760?
True
Is 8 a factor of 178976?
True
Is 660282 a multiple of 237?
True
Does 820 divide 1147332?
False
Is 360792 a multiple of 36?
True
Is 589094 a multiple of 11?
True
Is 114806 a multiple of 137?
True
Does 15 divide 19935?
True
Is 192 a factor of 18749?
False
Is 3072 a multiple of 4?
True
Is 435552 a multiple of 96?
True
Does 188 divide 1039709?
False
Does 2 divide 625431?
False
Does 125 divide 1694113?
False
Does 14 divide 33586?
True
Is 141725 a multiple of 506?
False
Does 167 divide 16957391?
False
Is 21 a factor of 849537?
False
Does 13 divide 232258?
True
Is 272534 a multiple of 43?
True
Is 2167580 a multiple of 21?
False
Does 72 divide 163800?
True
Is 199 a factor of 182881?
True
Is 164 a factor of 178554?
False
Is 26628462 a multiple of 18?
True
Is 208 a factor of 342227?
False
Does 116 divide 488036?
False
Does 890 divide 4548790?
True
Is 33846 a multiple of 6?
True
Is 435266 a multiple of 146?
False
Is 10 a factor of 111590?
True
Is 1506158 a multiple of 153?
False
Does 89 divide 733360?
True
Is 1534 a factor of 3340111?
False
Does 1241 divide 3050483?
False
Is 68 a factor of 1375503?
False
Is 321 a factor of 194205?
True
Does 165 divide 298155?
True
Does 32 divide 1032128?
True
Does 48 divide 836225?
False
Is 515 a factor of 2037340?
True
Is 21 a factor of 354944?
False
Does 138 divide 3147504?
True
Is 50 a factor of 6610687?
False
Does 79 divide 123872?
True
Does 276 divide 981180?
True
Is 2224938 a multiple of 673?
True
Does 8 divide 7667656?
True
Is 122 a factor of 91560?
False
Does 54 divide 4536?
True
Is 208 a factor of 2585407?
False
Is 566089 a multiple of 14?
False
Is 66496 a multiple of 4?
True
Does 11 divide 382453?
False
Is 205323 a multiple of 89?
True
Is 199 a factor of 147061?
True
Is 37 a factor of 2971?
False
Is 682290 a multiple of 54?
True
Is 403864 a multiple of 76?
True
Is 142 a factor of 76962?
False
Is 76 a factor of 142348?
True
Is 14 a factor of 11103335?
False
Does 74 divide 95064?
False
Is 962 a factor of 1390389?
False
Does 14 divide 1773128?
True
Does 25 divide 1852375?
True
Is 2462180 a multiple of 10?
True
Is 34 a factor of 345304?
True
Is 436544 a multiple of 608?
True
Is 12292373 a multiple of 19?
True
Does 38 divide 1243602?
False
Does 527 divide 5174613?
True
Does 18 divide 836136?
True
Is 39822 a multiple of 14?
False
Is 799 a factor of 110262?
True
Is 5 a factor of 794254?
False
Does 45 divide 9225?
True
Is 783800 a multiple of 11?
False
Does 90 divide 289530?
True
Is 132183 a multiple of 38?
False
Is 580187 a multiple of 76?
False
Is 540848 a multiple of 15?
False
Is 644 a factor of 1476709?
False
Is 117066 a multiple of 179?
True
Is 140 a factor of 1210440?
True
Does 37 divide 2142150?
False
Is 135468 a multiple of 52?
False
Is 4420613 a multiple of 83?
False
Is 29 a factor of 78474?
True
Is 324833 even?
False
Does 421 divide 323328?
True
Is 3607770 a multiple of 255?
False
Is 13 a factor of 301692?
False
Is 32 a factor of 934301?
False
Is 17 a factor of 1473619?
False
Is 138 a factor of 1972032?
False
Does 85 divide 2175830?
True
Is 104952 a multiple of 24?
True
Is 35 a factor of 22452907?
False
Does 42 divide 142758?
True
Does 41 divide 2169748?
False
Is 1023 a factor of 4026428?
False
Does 61 divide 427244?
True
Is 56 a factor of 19338670?
False
Is 126 a factor of 3532914?
True
Is 11 a factor of 333707?
True
Is 106 a factor of 371000?
True
Is 674160 a multiple of 24?
True
Is 905464 a multiple of 28?
True
Does 84 divide 22149?
False
Does 39 divide 901368?
True
Is 15 a factor of 141865?
False
Is 115 a factor of 22770?
True
Is 347415 a multiple of 19?
True
Is 49 a factor of 103635?
True
Is 307 a factor of 55689?
False
Does 65 divide 134615?
True
Is 816696 a multiple of 108?
True
Is 92610 a multiple of 7?
True
Does 4 divide 230880?
True
Is 299065 a multiple of 13?
True
Is 15 a factor of 63222?
False
Is 486998 a multiple of 39?
False
Does 633 divide 11043951?
True
Does 30 divide 93671?
False
Is 8614592 a multiple of 112?
True
Is 21 a factor of 197778?
True
Is 42981 a multiple of 8?
False
Is 28640144 a multiple of 152?
True
Does 18 divide 8581032?
True
Is 573 a factor of 982336?
False
Is 1915 a factor of 3626295?
False
Is 3038021 a multiple of 511?
False
Is 4378483 a multiple of 219?
False
Is 716082 a multiple of 138?
True
Does 7 divide 18476?
False
Does 27 divide 197046?
True
Is 22 a factor of 162382?
True
Is 4 a factor of 2096?
True
Is 46254 a multiple of 26?
True
Is 805 a factor of 2392460?
True
Is 9 a factor of 2383434?
True
Is 107152 a multiple of 14?
False
Does 22 divide 137566?
True
Is 146 a factor of 550566?
True
Is 1206720 a multiple of 576?
True
Is 17 a factor of 98517?
False
Is 7 a factor of 3514446?
False
Does 28 divide 98114?
False
Does 533 divide 9793567?
False
Does 70 divide 876050?
True
Does 36 divide 188617?
False
Does 1109 divide 4175385?
True
Does 659 divide 2220830?
True
Is 104131 a multiple of 8?
False
Is 15 a factor of 516963?
False
Is 18588457 a multiple of 10?
False
Is 9 a factor of 5026968?
True
Is 91992 a multiple of 8?
True
Does 546 divide 5956151?
False
Is 3285789 a multiple of 13?
True
Is 959454 a multiple of 906?
True
Does 12 divide 4594488?
True
Is 202578 a multiple of 57?
True
Is 830 a factor of 1360370?
True
Is 95354 a multiple of 14?
True
Is 46 a factor of 7774?
True
Is 12 a factor of 12152?
False
Is 2932600 a multiple of 62?
True
Is 218056 a multiple of 281?
True
Does 239 divide 616381?
True
Does 42 divide 3669469?
False
Does 252 divide 2332008?
True
Is 153621 a multiple of 125?
False
Does 3 divide 10421?
False
Does 15 divide 628?
False
Is 7 a factor of 127813?
True
Is 16 a factor of 227456?
True
Is 21 a factor of 5581233?
True
Is 4007136 a multiple of 37?
False
Is 12 a factor of 1872478?
False
Does 269 divide 5609188?
True
Is 23 a factor of 8479778?
True
Is 436670 a multiple of 15?
False
Is 4 a factor of 64218?
False
Does 18 divide 1580696?
False
Does 214 divide 4491004?
True
Does 6 divide 250242?
True
Is 12